 4*m(l). Calculate f(-5).
9
Suppose -4*i + 7 = -1. Let k be (-40)/(-4)*(-1)/i. Let t(x) = 6*x + 9*x + 8*x - 24*x - 7. What is t(k)?
-2
Let d(j) = -5*j**3 - 11*j**2 + 2. Let a(s) = -6*s**3 - 12*s**2 + s + 3. Let r(x) = 6*a(x) - 7*d(x). Calculate r(6).
4
Let b(m) = -22*m**2 + m - 13. Let o(w) = 19*w**2 - w + 12. Let n(p) = -6*b(p) - 7*o(p). Give n(4).
-18
Let h(z) be the third derivative of z**7/840 - z**6/72 + z**5/60 - z**4/24 - 5*z**3/6 - 6*z**2. Let o(i) be the first derivative of h(i). Determine o(4).
-9
Let t(q) = 3 - 9*q - q**3 + 0*q**3 - 10*q**2 + 3. Let l(x) = -x**3 + 2*x + 3. Let u be l(0). Let k be 2 - u - 10 - -2. Calculate t(k).
6
Let a(z) = z**3 + z**2 - z. Let u = 7 + -3. Let t = 23 - 20. Suppose -t*k + k = -u. Calculate a(k).
10
Let h = 2236 + -2233. Let r = -4 + 5. Let b(f) = 3 - f**2 + 3*f + 0*f + r. Give b(h).
4
Suppose -3*c + c = -4. Suppose 0 = 3*w + 4*g + 82, -c*g + 109 = -3*w + 15. Let i be ((-16)/(-24))/((-4)/w). Let n(r) = r**2 - 5*r + 4. What is n(i)?
4
Let d(g) = g**3 - 6*g**2 - 6. Let n be (3*(-12)/(-9))/(1/3). Suppose 4*b - m - 3*m = n, -21 = -2*b - 3*m. What is d(b)?
-6
Let r(i) = -3*i**3 - 20*i**2 + 9*i + 8. Let w be r(-7). Let m(s) = 24*s - 4. Let y(c) = -13*c + 2. Let n(v) = w*m(v) - 11*y(v). Determine n(0).
2
Let d(c) be the first derivative of -c**4/4 + 5*c**3/3 + 7*c**2/2 - 2*c + 78. Give d(6).
4
Let o = 50 + -46. Let g(b) be the third derivative of b**7/2520 - b**6/240 + b**5/60 + b**2. Let z(f) be the third derivative of g(f). Determine z(o).
5
Let b(i) = -5*i**3 - 5*i**3 + 3*i**3. Let d = -129 - -154. Let l(n) = -2*n**2 + 48*n + 51. Let a be l(d). What is b(a)?
-7
Suppose 0 = 5*u + 5*a, 4*a - 6 + 2 = -2*u. Let b(y) = y - 1 - 3*y - y**2 + y. Let p be b(u). Let d(n) = n**3 + 3*n**2. Give d(p).
0
Let r(x) be the second derivative of -4*x - 6 + 1/12*x**4 - 7*x**2 + 1/6*x**3 + 1/20*x**5. Determine r(0).
-14
Let g(r) = 2*r**3 - 7*r**2 + r - 4. Suppose -8*w + 26*w = 54. Determine g(w).
-10
Suppose 0 = 5*z + 51 - 86. Let s(m) = 2*m**3 + 7*m**2 + 2*m + 6. Let j(o) = o**3 + 7*o**2 + o + 5. Let t(f) = 3*j(f) - 2*s(f). What is t(z)?
-4
Let u(q) = q**2 + 36. Let g be (0 + -1)*(7 - 7)/(-3). Give u(g).
36
Let h(y) = y**2 - 6*y - 15. Suppose 75*m - 336 = 27*m. What is h(m)?
-8
Let t(v) = 27*v**3 + 7*v**2 + v. Let l(r) = -54*r**3 - 15*r**2 - 2*r. Let w(u) = 6*l(u) + 13*t(u). Give w(-1).
-27
Let t = 475 + -475. Let y(c) be the third derivative of c**2 + 0*c + t*c**3 + 1/12*c**4 + 0. What is y(-6)?
-12
Suppose q - 2*q - 8 = 5*w, 5*q - 3*w = 16. Let h(l) be the first derivative of -3*l - 4 - 5/2*l**q - 1/3*l**3. Give h(-4).
1
Let o be 24/(-54)*-6*3/1. Let k(f) = -f - 1. Give k(o).
-9
Let n(v) = v**3 - 17*v**2 - 39*v + 15. Let g(u) = -81*u + 424. Let y be g(5). What is n(y)?
-4
Let y = 25 - 22. Let g(w) = 13*w - 17. Let c(j) = 9*j - 12. Let z(d) = 7*c(d) - 5*g(d). Calculate z(y).
-5
Let h = -135 + 137. Let l(q) = 5*q**2 + q. What is l(h)?
22
Let i(y) = -2*y**3 - y. Suppose 7*l + 133 + 21 = 0. Let q(s) = s**3 + 23*s**2 + 23*s + 24. Let u be q(l). Determine i(u).
-18
Let q(o) = 2*o**2 + 2. Let p be q(1). Let d(r) = r**3 - r**2 + 3*r - 4. Give d(p).
56
Let u(h) be the third derivative of h**5/60 + 3*h**3/2 - 41*h**2. Let y = -1 - -1. Give u(y).
9
Suppose 0 = 7*n - 2*n + 10. Let k be (n/3)/(10/15)*9. Let t(c) = c**2 + 10*c + 7. Give t(k).
-2
Let p(g) be the second derivative of -g**5/20 + 2*g**4/3 - g**3 + 2*g**2 + 29*g + 2. Determine p(7).
11
Let w(s) = 3*s**2 + 6*s - 7. Let h(c) = c**2. Suppose 3 = 3*i - 9. Let b(g) = i*h(g) - w(g). What is b(5)?
2
Let d(z) = -6*z**3 + 3*z**2 + 6*z + 2. Let n(g) = -5*g**3 + 3*g**2 + 5*g + 1. Let w(i) = 4*d(i) - 5*n(i). Give w(4).
15
Let j(q) = -q**3 - 5*q**2 - q + 3. Let h = -60 + -76. Let m be h/28 - 1/7. Calculate j(m).
8
Let v(r) be the second derivative of -r**5/20 + 7*r**4/12 + r**3 + 5*r**2/2 - 63*r + 1. Determine v(7).
47
Let i = -602 + 600. Let j(m) = -m**3 - 2*m**2 + 2*m. Calculate j(i).
-4
Let u(t) = 3*t + 16. Let n(p) = 9*p + 46. Let r(o) = 4*n(o) - 11*u(o). What is r(-6)?
-10
Let j(n) be the second derivative of n**5/20 + n**4/3 + n**3/3 + n**2 - 2*n. Let f be -3 - -1 - (6 + 51/(-9))*3. Calculate j(f).
5
Let y(s) = -s + 31. Let q be y(7). Let r be 0 + -4 + q/(-8). Let c(n) = -n**3 - 8*n**2 - 5*n + 8. What is c(r)?
-6
Let x(y) = -3 - 2 + 27*y - 2 - 20*y - 7*y**2 + y**3. What is x(6)?
-1
Let d(x) = -x - 2. Let m(p) = -3*p**2 - p**2 + 3*p**2 - 4*p. Let t be m(-4). Determine d(t).
-2
Let v(q) = -q**3 - 2*q**2 - 2*q - 4. Let z be v(-3). Let a = -3 + z. Let l = a + -11. Let g(s) = -2*s**2 - 3*s + 4. What is g(l)?
-5
Let j(b) = 3*b**2 + 2*b + 3. Suppose -3*h = -8 + 2. Suppose l + h = -0*l. Let m(q) = -7*q**2 - 5*q - 6. Let t(x) = l*m(x) - 5*j(x). Give t(0).
-3
Let i(z) = -z**3 - 7*z**2 - z - 8. Let g be i(-7). Let c = 59 + -32. Let n(w) = 0 - c*w + 1 + 34*w. Calculate n(g).
-6
Let b be (6/3)/((-42)/(-105)) - 3. Let j(f) = -3*f + 13. Calculate j(b).
7
Let g(m) = m**3 - 6*m**2 + 3*m + 4. Let s be (-23 + -1)/(-3) + (-21)/7. What is g(s)?
-6
Let u(t) = 4*t**2 - 1. Let m be (-1)/3*-9 - 0. Suppose -3*s - 8 = -m*d + 5*d, s = -5*d + 6. Calculate u(d).
15
Let r(k) = k + 10. Let w(t) = 12. Let x(p) = 3*r(p) - 2*w(p). Give x(4).
18
Let i = 194 - 196. Let t(s) = -s**2 + 2. Calculate t(i).
-2
Let h(l) be the first derivative of 3*l + 7 + 3/2*l**2. What is h(-2)?
-3
Let b(k) = -k**3 + 2*k**2 + k + 3. Let z be b(0). Let q(n) = 5*n - 1 + 3 - z. Let s be (-4)/6 + 40/24. Determine q(s).
4
Suppose 13 = 9*i - 50. Let h be (-459)/(-63) + (-2)/i. Let r(b) = b + 1. Determine r(h).
8
Let r(t) = t - 1. Suppose -18*m - 53 = 37. Calculate r(m).
-6
Let h = 254 - 252. Let w(d) = 3*d**2 + 2*d - 2. What is w(h)?
14
Let d be 0*(-4 - -1)*(-8)/(-48). Let h(c) = -2*c**2 - 3. Determine h(d).
-3
Let u(i) = -20*i**2 - 47*i + 81. Let t(r) = -11*r**2 - 23*r + 41. Let c(s) = 11*t(s) - 6*u(s). What is c(28)?
-7
Let t(c) be the third derivative of 0 + 7*c**2 + 0*c + 2/3*c**3 - 5/24*c**4 - 1/60*c**5. Let i = -22 - -16. What is t(i)?
-2
Suppose 2*c - 7*c - 19 = -a, -4*c - 4*a = -4. Let k(m) = m**2 + 4*m + 3. Let u be k(c). Let w(b) = -b + 2. Calculate w(u).
2
Let y(n) = 13*n**2 - n - 3. Let p(x) = -10*x**2 + x + 4. Let r(u) = -4*p(u) - 5*y(u). What is r(1)?
-25
Let d be (-1 + (2 - 6))/((-2)/10). Let v(x) = 2*x + 13 - d + 10. Suppose 4*b + 6 = 6*b. What is v(b)?
4
Let l(j) = j. Let g = 38 - 36. Suppose -g*o + 4*x = -4, -2*o + 5*x - 4 = 3*x. Calculate l(o).
-6
Let w(y) = -7*y**2 - 84*y + 16. Let s(o) = o**2 + 16*o - 3. Let a(l) = -11*s(l) - 2*w(l). What is a(4)?
17
Let r(i) be the first derivative of 3*i**2 - 5*i + 238. What is r(5)?
25
Let s be (-2)/(-4) + 1/(-2). Suppose -5*c - 4*g = 15, s = 4*g - 5*g. Let n(h) = -2*h**2 + 4826 - 4824 + 7*h + 3*h**2. Determine n(c).
-10
Let k(w) be the third derivative of -w**4/3 - w**3/3 - 62*w**2 - 1. Calculate k(2).
-18
Let h(n) = -4*n + 6. Let c(b) = -3*b + 6. Let f(t) = -5*c(t) + 4*h(t). Let i be (-58)/290*(1 - 1). Calculate f(i).
-6
Suppose k = 6*k - 90. Suppose -8*s = -2*s + k. Let m(p) = 7*p + 3. Calculate m(s).
-18
Let t = 813 - 806. Let i(m) = -m**3 + 7*m**2 + 7. Determine i(t).
7
Let g(u) = -41*u + 10 - 45*u + 138*u - 2 - 48*u. Give g(6).
32
Let v be 5/15 + 2/3. Suppose 2*g = 5 + v. Suppose 6 = -0*y + g*y. Let u(p) = 3*p**2 - p. Calculate u(y).
10
Let j(a) = -4*a**2 - 5*a - 2. Let n(q) = 3*q**2 + 5*q + 1. Let y(u) = 2*j(u) + 3*n(u). Let m = 84 + -13. Let x = -77 + m. What is y(x)?
5
Let z(o) = -8*o + 41. Let l = 1400 - 1394. Calculate z(l).
-7
Let g(f) = -15*f + 9. Let m(s) = 2*s - 2. Let w(y) = -g(y) - 4*m(y). Let v be (-2)/(-4) - 1/(-2). Give w(v).
6
Let i(o) be the third derivative of -o**7/840 + o**6/40 - o**5/15 + o**4/8 + 23*o**3/6 - 46*o**2. Let t(x) be the first derivative of i(x). Determine t(8).
3
Let l(k) be the first derivative of -k**4/4 + 4*k**3/3 - k**2/2 - k - 1. Suppose -5*g = -3*o - 71, -2*g + 24 = -0*g + o. Suppose -g = -x - 9. Calculate l(x).
-5
Suppose 43*z - 54 = 52*z. Let d(g) = -g + 7. Give d(z).
13
Let q(l) be the third derivative of 0 - 1/6*l**3 + 9*l**2 + 1/12*l**4 + 0*l. Calculate q(2).
3
Let d(m) = 6*m + 17. Suppose -b = -y + 4, 0*y - 12 = 3*b - 4*y. Calculate d(b).
-7
Let w be -2*((-2)/4 + 1). Let j be ((-6)/4)/(w/2). Let r(q) = -6*q**2 - 33*q + 2. Let s(l)